and 1150?
575
What is the highest common factor of 9130642 and 810518?
4478
Calculate the highest common divisor of 36363638 and 8815.
1763
What is the highest common factor of 80682232 and 16?
8
What is the greatest common factor of 139604 and 108596?
68
Calculate the highest common divisor of 4473 and 98991963.
4473
Calculate the greatest common divisor of 33852 and 3252396.
2604
What is the greatest common factor of 131419 and 1251388?
1163
Calculate the greatest common divisor of 34980 and 301782.
318
Calculate the highest common factor of 18306 and 3571026.
678
Calculate the greatest common factor of 105 and 260883.
21
Calculate the highest common factor of 3340 and 42440.
20
What is the highest common divisor of 5612 and 157507795?
1403
Calculate the highest common factor of 1950 and 1633500.
150
Calculate the highest common factor of 37732909 and 4023.
149
Calculate the highest common divisor of 6562 and 486438.
34
Calculate the highest common factor of 450639684 and 1023.
1023
Calculate the greatest common factor of 10614 and 42862.
58
What is the highest common factor of 16643217 and 282?
141
Calculate the greatest common factor of 9 and 3759453.
9
What is the highest common divisor of 586164052 and 5174?
398
Calculate the greatest common divisor of 13911303 and 56.
7
Calculate the highest common divisor of 21061063 and 2413.
19
What is the highest common factor of 435 and 1530?
15
Calculate the greatest common factor of 3500 and 57613000.
500
What is the greatest common divisor of 35472 and 8284?
4
What is the greatest common divisor of 73462066 and 5118?
1706
What is the highest common divisor of 10176 and 23589452?
212
Calculate the highest common divisor of 155372350 and 27965.
595
What is the greatest common divisor of 12 and 3808020?
12
Calculate the greatest common factor of 27079470 and 6732.
3366
Calculate the highest common divisor of 11553 and 3508403487.
11553
Calculate the highest common divisor of 16801508 and 422.
422
What is the greatest common factor of 526227 and 5871?
309
Calculate the highest common factor of 1845432 and 57.
57
Calculate the highest common divisor of 1112 and 305043006.
278
Calculate the highest common factor of 991 and 296768824.
991
What is the highest common divisor of 19838 and 29974?
14
Calculate the highest common divisor of 96227507 and 71.
71
What is the highest common divisor of 926 and 2103146?
2
What is the highest common factor of 1668 and 362730?
6
Calculate the highest common divisor of 1686 and 132225393.
843
Calculate the highest common divisor of 407913 and 4077579.
1551
Calculate the highest common factor of 387399 and 4372355.
491
What is the highest common factor of 82 and 39511946?
82
What is the highest common factor of 1285 and 37124935?
1285
Calculate the highest common factor of 23712 and 14290926.
1482
What is the greatest common factor of 36152546 and 202?
202
Calculate the highest common factor of 52457450 and 820.
410
What is the highest common factor of 8208 and 263226?
114
What is the highest common divisor of 71316 and 90216?
252
What is the greatest common divisor of 793022 and 22345?
41
Calculate the greatest common divisor of 26603655 and 5.
5
What is the greatest common factor of 1832 and 2055962?
458
What is the greatest common divisor of 411 and 2854258?
137
Calculate the greatest common factor of 77 and 1445774.
11
What is the greatest common divisor of 8050310 and 90?
10
Calculate the greatest common divisor of 88474 and 3751.
31
Calculate the highest common factor of 303 and 14069906.
101
What is the greatest common factor of 157851 and 6192?
9
What is the greatest common divisor of 9490 and 365047085?
4745
What is the greatest common divisor of 4775 and 14605?
5
What is the highest common factor of 119155911 and 21?
21
Calculate the greatest common factor of 10692130 and 1016.
254
What is the greatest common divisor of 2800 and 3833900?
700
Calculate the greatest common factor of 6726125 and 140.
35
What is the highest common divisor of 667211581 and 358?
179
What is the highest common divisor of 185436 and 9476123?
1717
What is the highest common factor of 2204 and 123482?
58
Calculate the greatest common divisor of 8215812 and 14652.
396
What is the greatest common divisor of 444768 and 295008?
96
What is the highest common factor of 10878 and 26607?
147
What is the greatest common divisor of 1635 and 1212843?
327
Calculate the greatest common factor of 62951805 and 168.
21
What is the greatest common divisor of 169712 and 102992?
16
What is the highest common divisor of 5769 and 8925925?
641
Calculate the highest common factor of 21371425 and 5.
5
Calculate the highest common divisor of 24 and 2022792.
24
Calculate the highest common factor of 2021050 and 55610.
830
What is the greatest common divisor of 80032 and 227632?
656
What is the greatest common divisor of 193108470 and 4470?
4470
What is the highest common divisor of 305121236 and 3332?
3332
What is the highest common factor of 21 and 1017639?
21
What is the greatest common divisor of 981 and 28085376?
327
Calculate the highest common divisor of 129647796 and 108.
12
What is the greatest common divisor of 186 and 573564?
6
Calculate the greatest common factor of 37763721 and 324.
9
Calculate the greatest common divisor of 2316 and 1811220.
12
Calculate the greatest common divisor of 2452992 and 836828.
6388
What is the greatest common factor of 1675384 and 2794?
254
Calculate the greatest common factor of 6564306 and 1095.
219
What is the greatest common divisor of 8051538 and 66?
66
What is the greatest common divisor of 8845184 and 608?
608
What is the greatest common divisor of 333 and 223983829?
37
What is the highest common factor of 2142 and 12139802?
34
What is the greatest common divisor of 3446347 and 1780?
89
What is the greatest common factor of 52301397 and 237?
237
What is the greatest common factor of 118469 and 10168706?
701
What is the highest common factor of 114912 and 550088?
1064
What is the highest common divisor of 116 and 74755388?
116
Calculate the highest common divisor of 27522 and 95673978.
2502
Calculate the highest common factor of 490 and 122773812.
98
What is the highest common factor of 51748585 and 10?
5
What is the highest common factor of 286 and 165048?
26
Calculate the highest common divisor of 8565785 and 197723.
1327
What is the highest common factor of 126420 and 34860?
420
Calculate the greatest common factor of 5443956 and 1064.
532
What is the greatest common factor of 22155 and 549255?
105
What is the highest common factor of 7 and 8271235?
7
Calculate the highest common factor of 3678334 and 1166.
22
What is the highest common divisor of 355878 and 3519?
153
Calculate the greatest common factor of 177388 and 671.
61
What is the highest common divisor of 757 and 880079873?
757
What is the highest common factor of 7887643 and 646?
17
What is the highest common divisor of 9 and 22072653?
9
What is the highest common factor of 56714964 and 1608?
804
Calculate the highest common factor of 2565381 and 156.
39
What is the greatest common divisor of 2457 and 8904519?
351
What is the greatest common factor of 68841 and 873?
9
What is the highest common divisor of 200 and 542610?
10
What is the greatest common divisor of 67209399 and 243?
27
Calculate the greatest common divisor of 660 and 10751740.
20
Calculate the highest common factor of 123883 and 216075.
2881
What is the greatest common divisor of 8 and 9606032?
8
What is the greatest common factor of 410 and 463940?
10
Calculate the highest common factor of 1471596778 and 8854.
8854
Calculate the highest common divisor of 562 and 820563274.
562
What is the greatest common factor of 49167 and 256203?
81
What is the greatest common divisor of 1709451 and 27?
27
What is the greatest common factor of 44986170 and 480?
30
Calculate the highest common divisor of 9880644 and 142.
142
Calculate the greatest common divisor of 167055 and 9254.
7
Calculate the highest common factor of 1116018 and 1458.
162
Calculate the greatest common divisor of 190 and 1217450.
10
What is the greatest common factor of 5976 and 19368?
72
What is the greatest common factor of 6105494 and 5406?
106
What is the greatest common fa